x. Calculate the remainder when w is divided by (-9)/2*(-10)/3.
12
Let t(h) = -h**2 + h - 4. Let f(x) = x**2 - 2*x + 5. Let a(w) = 6*f(w) + 5*t(w). Let q be a(7). Calculate the remainder when q/4*138/15 is divided by 6.
5
Let s = 49 + -32. Let v = s + 28. What is the remainder when v is divided by 13?
6
Suppose 12*q - 8*q - 16 = 0. Suppose -13 = q*t - 5*f - 0*f, 0 = -5*t - 4*f + 35. What is the remainder when (2 - 1)*(1 - -4) is divided by t?
2
Suppose 0 = 3*q - 5*q + 14. What is the remainder when 29 - (4 - (-3 + 4)) is divided by q?
5
Calculate the remainder when 119 + (-2 - (-5 + -1)) is divided by 4.
3
Let m = 388 - 201. What is the remainder when m is divided by 65?
57
What is the remainder when 63 is divided by (-5)/15 + (-1331)/(-33)?
23
Let q be 396/(-5) - (78/10 - 8). Let l = q - -118. What is the remainder when 151 is divided by l?
34
Let j(r) = -9*r - 156. What is the remainder when 15 is divided by j(-19)?
0
Suppose 194 = -2*d + 226. Suppose 3*y - 5*s - 25 = 0, 3*y - 7 = -0*y - 4*s. Calculate the remainder when d is divided by y.
1
Suppose -5 = -5*p, -o + 2*p - 3*p = -2. Let v(c) = 11*c**2 - 1. Calculate the remainder when 39 is divided by v(o).
9
Suppose 0 = 2*g + g - 285. Suppose -18 = 7*z - g. Calculate the remainder when 53 is divided by z.
9
Suppose -79 = 6*z - 253. What is the remainder when 110 is divided by z?
23
Let z = -8 + 4. Let w = z - -7. Let i(q) = q**3 - q**2 - q - 3. Calculate the remainder when 46 is divided by i(w).
10
Let k = 1436 + -1173. Calculate the remainder when k is divided by 69.
56
Suppose -3*g = -4*r - 53, r - 4*g + 20 = -g. Let t(c) = c**2 + 11*c + 10. What is the remainder when t(r) is divided by 3?
1
What is the remainder when 888*(-6 - 75/(-12)) is divided by 28?
26
What is the remainder when 52 + (1 + -7 - 8/(-2)) is divided by 19?
12
Let g be 3 - -31 - (2 - 0). Suppose -4*f + 43 = -5*j, -2*f - j + g = 3*f. What is the remainder when 14 is divided by f?
0
Suppose -4*d + 28 = h, -97 = 2*h - 5*h + d. What is the remainder when 124 is divided by h?
28
Let l(m) = -10*m**2 - 3*m**2 + m - 5 + 14*m**2. What is the remainder when 18 is divided by l(-4)?
4
Suppose 0 = p - 10 + 110. Let q = -49 - p. Calculate the remainder when 96 is divided by q.
45
Let p = -915 + 924. Let c(y) = 61*y**3 - 2*y + 1. Calculate the remainder when c(1) is divided by p.
6
Let q(x) = 13*x. Let b = -21 - -22. Suppose 2*p + 2*y = 50, 4*p = -3*y + 2*y + 94. Calculate the remainder when p is divided by q(b).
10
Let u = 52 + 29. Let z = 93 - u. What is the remainder when 69 is divided by z?
9
Let o = 285 + -257. Calculate the remainder when o is divided by 2/(-9) + (-584)/(-36).
12
Let w(a) = a**2 - 28*a + 86. What is the remainder when 300 is divided by w(26)?
28
What is the remainder when (-446)/(-4)*(78 + -76) is divided by 78?
67
Suppose 5*v - 196 = -b, 5*b - 86 - 75 = -4*v. Let k = 124 - v. Let j(s) = s**3 + s**2 + s + 22. Calculate the remainder when k is divided by j(0).
19
Let g = -104 - -158. Suppose -5*y = -4*f - 70, -3*f = 4*y - 35 - 21. What is the remainder when g is divided by y?
12
Suppose 24*x = -17*x + 7462. What is the remainder when x is divided by 5?
2
Let g = -114 + 205. Calculate the remainder when g is divided by 26.
13
Let v be (-3)/(-1) + (10 - -29). Suppose 5*b - o = 31, 3*b + 5*o - v = -1. Calculate the remainder when 11 is divided by b.
4
Calculate the remainder when 2 - (-4)/(-2) - 1940/(-4) is divided by 54.
53
What is the remainder when 1707/15 - (-24)/20 is divided by 29?
28
Let w(b) = -b**2 + 6*b + 75. What is the remainder when 32 is divided by w(11)?
12
Let n(f) = -2*f + 50. Let k(b) = b**3 - 1 + 0*b**2 - 3*b**2 + 6*b**2 - 6*b. What is the remainder when n(15) is divided by k(-4)?
6
Suppose d + 4*o - 52 = 0, 0*o - o + 499 = 7*d. Calculate the remainder when d is divided by 49.
23
What is the remainder when (-6)/(-8)*(-21980)/(-105) is divided by 55?
47
Let y(r) = r**3 - 3*r**2 - 4*r - 3. Let w be ((-2)/(-4))/((-3)/(-6)) - -4. What is the remainder when y(w) is divided by 10?
7
Let n = 226 - 219. What is the remainder when 18 is divided by n?
4
Let b = -70 + 20. Let g = b - -92. Let f = -22 + g. What is the remainder when 38 is divided by f?
18
Suppose 0*t = -3*t + 9. Suppose o - 4 = -t*o, 5*k = -o + 66. Let i = 10 + -2. Calculate the remainder when k is divided by i.
5
Let z = 274 - 251. What is the remainder when 160 is divided by z?
22
Suppose -145 = 7*v + 317. Let m = v - -88. Calculate the remainder when 65 is divided by m.
21
Let j = 14 + -3. Suppose 10*v - j*v + 12 = 0. What is the remainder when 47 is divided by v?
11
Let i = 130 + 117. Suppose -248*k + i*k = -17. What is the remainder when k is divided by 7?
3
Let x = -2687 + 2699. What is the remainder when 81 is divided by x?
9
Let i(m) = -m**2 - 76*m - 807. What is the remainder when (-23 + 1)*-1*2 is divided by i(-63)?
8
Let j = 832 - 819. Suppose 9*m = 4*m - 4*n + 329, -2*n = -3*m + 215. Let h = -32 + m. What is the remainder when h is divided by j?
11
Let y(d) = -39*d + 12. What is the remainder when 72 is divided by y(-1)?
21
Suppose -o + 10 = -6*o. Let v = 52 + o. Calculate the remainder when v is divided by 17.
16
Suppose -3*p + k + 26 = 2*k, 2*p - 17 = -k. Suppose 0 = p*t - 5*t - 184. What is the remainder when t is divided by 16?
14
Suppose -8*d + 3*d - 14 = -j, -4*j + 3*d = -22. Calculate the remainder when 305 is divided by j.
1
Let w = 310 - 291. Let u = 0 - 6. What is the remainder when (-819)/(-15) + u/(-15) is divided by w?
17
Let a(j) = -j**3 - 2*j**2 + 2*j - 4. Calculate the remainder when a(-8) is divided by 74.
68
Let k = 286 + -192. Suppose -14*c + 332 - k = 0. Suppose -d = -4, -5*d + d = 3*l - 160. Calculate the remainder when l is divided by c.
14
Let f(c) = 6*c**2 - 22*c - 60. What is the remainder when 618 is divided by f(-4)?
122
Let c be 0 - (2/(-10) + (-141)/(-5)). Let g = c - -32. What is the remainder when 8 is divided by g?
0
Let s(x) = -6*x - 16. Let g be s(-3). Calculate the remainder when (39 + g)*(-13 + 14) is divided by 7.
6
Suppose 3*s = s + 2, -3*o - 3*s = -15. Suppose -o*u + 2*p = -7 - 7, u - 4*p = -7. Let a = 8735 - 8708. Calculate the remainder when a is divided by u.
2
Suppose 31 = 2*x - 1. Let r = x + -1. Suppose -z + 1 + r = 0. What is the remainder when 46 is divided by z?
14
Suppose -5*w + 20 = 0, 100*l - 4*w - 40 = 96*l. Let g = -14 - -22. What is the remainder when l is divided by g?
6
Let h(i) = 4*i - 29. Let j be h(14). Let d = j + -21. Calculate the remainder when d is divided by 3.
0
Calculate the remainder when 71 is divided by (10/6)/(10/144).
23
Let l(d) = d**2 - 28*d - 65. Let f(u) = -u**3 - u**2 - 3. What is the remainder when l(31) is divided by f(-3)?
13
What is the remainder when (-3)/(-12)*30*(-116)/(-5) is divided by 11?
9
Let b = -1 - 4. Let v be (-11)/b - 2/10. Suppose -v*s = -57 + 21. Calculate the remainder when 53 is divided by s.
17
Suppose 4162 = -7*j + 4295. Calculate the remainder when 109 is divided by j.
14
Suppose 3*u + 56*k - 108 = 52*k, 2*u = 2*k + 86. What is the remainder when 438 is divided by u?
38
Let n be 10/(-60) - 50/(-12). Suppose 0*m - 4 = -n*m, 4 = f + m. Calculate the remainder when 9 is divided by f.
0
Calculate the remainder when 67 is divided by (((-165)/10)/11)/((-8)/16).
1
Suppose -3*j + 15 = -8*j, 0 = -5*z + 2*j + 281. What is the remainder when z is divided by 28?
27
Let c(v) = 2*v**2 - 13*v + 62. Calculate the remainder when c(7) is divided by 7.
6
Let r(q) = 2*q + 5. Suppose -3*k + 10 - 7 = 0. Let u be (-27)/(-3) - 3 - k. Calculate the remainder when 72 is divided by r(u).
12
Let c = -159 - -841. Calculate the remainder when c is divided by 57.
55
Suppose 78 + 46 = 2*u. Let o = 72 + -56. Calculate the remainder when u is divided by o.
14
Suppose 3*m + 3409 - 8628 = -2*b, -3*b + 4*m = -7837. What is the remainder when b is divided by 13?
11
Let i = 4 + -1. Let b be (-30)/(7 - 1) - -9. Suppose i*m - b + 1 = 0. Calculate the remainder when m is divided by 1.
0
Let f(x) = 7*x + 1. Let k be f(1). Suppose -2*c = 2*c - k. Suppose 0 = -2*y + c*b - 18 + 58, -4*b = 16. Calculate the remainder when 63 is divided by y.
15
Let o be (-3 + 1)*105/70. What is the remainder when (1 + 29 + o)/1 is divided by 15?
12
Suppose 2*o - b = 7*o - 11, 5*o - 2*b - 8 =